-- MySQL dump 10.15  Distrib 10.0.34-MariaDB, for debian-linux-gnu (x86_64)
--
-- Host: localhost    Database: zoologico
-- ------------------------------------------------------
-- Server version	10.0.34-MariaDB-0ubuntu0.16.04.1

/*!40101 SET @OLD_CHARACTER_SET_CLIENT=@@CHARACTER_SET_CLIENT */;
/*!40101 SET @OLD_CHARACTER_SET_RESULTS=@@CHARACTER_SET_RESULTS */;
/*!40101 SET @OLD_COLLATION_CONNECTION=@@COLLATION_CONNECTION */;
/*!40101 SET NAMES utf8mb4 */;
/*!40103 SET @OLD_TIME_ZONE=@@TIME_ZONE */;
/*!40103 SET TIME_ZONE='+00:00' */;
/*!40014 SET @OLD_UNIQUE_CHECKS=@@UNIQUE_CHECKS, UNIQUE_CHECKS=0 */;
/*!40014 SET @OLD_FOREIGN_KEY_CHECKS=@@FOREIGN_KEY_CHECKS, FOREIGN_KEY_CHECKS=0 */;
/*!40101 SET @OLD_SQL_MODE=@@SQL_MODE, SQL_MODE='NO_AUTO_VALUE_ON_ZERO' */;
/*!40111 SET @OLD_SQL_NOTES=@@SQL_NOTES, SQL_NOTES=0 */;

--
-- Table structure for table `alimentacao`
--

DROP TABLE IF EXISTS `alimentacao`;
/*!40101 SET @saved_cs_client     = @@character_set_client */;
/*!40101 SET character_set_client = utf8 */;
CREATE TABLE `alimentacao` (
  `cod_alimentacao` smallint(6) NOT NULL AUTO_INCREMENT,
  `alimento` varchar(40) NOT NULL,
  `cod_especie` smallint(6) DEFAULT NULL,
  PRIMARY KEY (`cod_alimentacao`),
  KEY `cod_especie` (`cod_especie`),
  CONSTRAINT `alimentacao_ibfk_1` FOREIGN KEY (`cod_especie`) REFERENCES `especie` (`cod_especie`) ON UPDATE CASCADE
) ENGINE=InnoDB AUTO_INCREMENT=11 DEFAULT CHARSET=utf8mb4;
/*!40101 SET character_set_client = @saved_cs_client */;

--
-- Dumping data for table `alimentacao`
--

LOCK TABLES `alimentacao` WRITE;
/*!40000 ALTER TABLE `alimentacao` DISABLE KEYS */;
INSERT INTO `alimentacao` VALUES (1,'Ração para aves',1),(2,'Ração para peixes',4),(3,'Ração para cães',2),(4,'Carne',2),(5,'Carne',3),(6,'Ração',8),(7,'Frutas',1),(8,'Frutas',2),(9,'Frutas',5),(10,'Insetos',5);
/*!40000 ALTER TABLE `alimentacao` ENABLE KEYS */;
UNLOCK TABLES;

--
-- Table structure for table `animal`
--

DROP TABLE IF EXISTS `animal`;
/*!40101 SET @saved_cs_client     = @@character_set_client */;
/*!40101 SET character_set_client = utf8 */;
CREATE TABLE `animal` (
  `cod_animal` smallint(6) NOT NULL AUTO_INCREMENT,
  `nome_animal` varchar(25) NOT NULL,
  `nascimento` date DEFAULT NULL,
  `origem` varchar(25) DEFAULT NULL,
  `cod_especie` smallint(6) DEFAULT NULL,
  `cod_espaco` smallint(6) DEFAULT NULL,
  PRIMARY KEY (`cod_animal`),
  KEY `cod_especie` (`cod_especie`),
  KEY `cod_espaco` (`cod_espaco`),
  CONSTRAINT `animal_ibfk_1` FOREIGN KEY (`cod_especie`) REFERENCES `especie` (`cod_especie`) ON UPDATE CASCADE,
  CONSTRAINT `animal_ibfk_2` FOREIGN KEY (`cod_espaco`) REFERENCES `espaco` (`cod_espaco`)
) ENGINE=InnoDB AUTO_INCREMENT=9 DEFAULT CHARSET=utf8mb4;
/*!40101 SET character_set_client = @saved_cs_client */;

--
-- Dumping data for table `animal`
--

LOCK TABLES `animal` WRITE;
/*!40000 ALTER TABLE `animal` DISABLE KEYS */;
INSERT INTO `animal` VALUES (1,'Tigre','2002-01-08','África ocidental',2,6),(2,'Ariranha','2005-06-12','Cerrado do centro-oeste',2,7),(3,'Onça','2013-12-02','Mata Amazônica',2,6),(4,'Arara','2013-06-04','Mata Amazônica',1,3),(5,'Faisão','2015-12-01','Pantanal',1,4),(6,'Rã','2013-12-18','Brejo do Cerrado do centr',5,5),(7,'Lagarto','2014-06-04','Sudoeste Africano',9,3),(8,'Crocodilo','2005-06-12','Pantanal',3,10);
/*!40000 ALTER TABLE `animal` ENABLE KEYS */;
UNLOCK TABLES;

--
-- Table structure for table `espaco`
--

DROP TABLE IF EXISTS `espaco`;
/*!40101 SET @saved_cs_client     = @@character_set_client */;
/*!40101 SET character_set_client = utf8 */;
CREATE TABLE `espaco` (
  `cod_espaco` smallint(6) NOT NULL AUTO_INCREMENT,
  `nome_espaco` varchar(40) NOT NULL,
  `local` varchar(25) DEFAULT NULL,
  PRIMARY KEY (`cod_espaco`)
) ENGINE=InnoDB AUTO_INCREMENT=11 DEFAULT CHARSET=utf8mb4;
/*!40101 SET character_set_client = @saved_cs_client */;

--
-- Dumping data for table `espaco`
--

LOCK TABLES `espaco` WRITE;
/*!40000 ALTER TABLE `espaco` DISABLE KEYS */;
INSERT INTO `espaco` VALUES (1,'Lagoa 1','Área dos répteis'),(2,'Lagoa 2','Área dos peixes'),(3,'Viveiro 1','Aviário'),(4,'Viveiro 2','Aviário'),(5,'Lago artificial','Área de crustáceos'),(6,'Jaula 1','Setor dos felinos'),(7,'Jaula 2','Setor dos canídeos'),(8,'Selva artificial 1','Setor 04'),(9,'Selva artificial 2','Setor 05'),(10,'Lago artificial 2','Setor 06');
/*!40000 ALTER TABLE `espaco` ENABLE KEYS */;
UNLOCK TABLES;

--
-- Table structure for table `especie`
--

DROP TABLE IF EXISTS `especie`;
/*!40101 SET @saved_cs_client     = @@character_set_client */;
/*!40101 SET character_set_client = utf8 */;
CREATE TABLE `especie` (
  `cod_especie` smallint(6) NOT NULL AUTO_INCREMENT,
  `nome_especie` varchar(25) NOT NULL,
  PRIMARY KEY (`cod_especie`)
) ENGINE=InnoDB AUTO_INCREMENT=10 DEFAULT CHARSET=utf8mb4;
/*!40101 SET character_set_client = @saved_cs_client */;

--
-- Dumping data for table `especie`
--

LOCK TABLES `especie` WRITE;
/*!40000 ALTER TABLE `especie` DISABLE KEYS */;
INSERT INTO `especie` VALUES (1,'Aves'),(2,'Mamíferos'),(3,'Répteis'),(4,'Peixes'),(5,'Anfíbios'),(6,'Moluscos'),(7,'Artrópodes'),(8,'Crustáceos'),(9,'Echinodermata');
/*!40000 ALTER TABLE `especie` ENABLE KEYS */;
UNLOCK TABLES;

--
-- Table structure for table `medicamentos`
--

DROP TABLE IF EXISTS `medicamentos`;
/*!40101 SET @saved_cs_client     = @@character_set_client */;
/*!40101 SET character_set_client = utf8 */;
CREATE TABLE `medicamentos` (
  `cod_remedio` smallint(6) NOT NULL AUTO_INCREMENT,
  `remedio` varchar(40) NOT NULL,
  `tipo` varchar(25) DEFAULT NULL,
  `cod_especie` smallint(6) DEFAULT NULL,
  `preco` decimal(10,2) DEFAULT NULL,
  PRIMARY KEY (`cod_remedio`),
  KEY `cod_especie` (`cod_especie`),
  CONSTRAINT `medicamentos_ibfk_1` FOREIGN KEY (`cod_especie`) REFERENCES `especie` (`cod_especie`) ON UPDATE CASCADE
) ENGINE=InnoDB AUTO_INCREMENT=17 DEFAULT CHARSET=utf8mb4;
/*!40101 SET character_set_client = @saved_cs_client */;

--
-- Dumping data for table `medicamentos`
--

LOCK TABLES `medicamentos` WRITE;
/*!40000 ALTER TABLE `medicamentos` DISABLE KEYS */;
INSERT INTO `medicamentos` VALUES (1,'Ração Farmina Vet Life Para Cães Adultos','ração',2,271.12),(2,'Dexagard','20 comprimidos',2,7.70),(3,'Oxitetraciclina','20% Inj Biovet L.A - 50 M',2,9.50),(4,'Remédio para peixes bacteria e fungus ki','150ml',4,28.99),(5,'Labcon Kit Remédios Para Aquário','Ictio Aqualife Bacter',4,28.99),(6,'Estabilizador Biologico Aquarios Seachem','150ml',4,49.99),(7,'Tetrodotoxina','50ml',5,119.49),(8,'Proteína Beta 3','150ml',5,39.35),(9,'Fibras de Crustáceos Quitosana','cápsulas 550mg',8,29.00),(10,'Suplemento Vitaminico para Aves Desvit A','100g',1,12.16),(11,'Sistema de Terapia Arenales Fator P&P An','Talco 200g',2,66.90),(12,'Nimesol','Anti-inflamatório',2,29.90),(13,'Maracuginasol','Calmante',7,45.70),(14,'Vitamínico B, C, K','Vitaminas',6,112.30),(15,'Complexo Vitamínico D e E','Vitaminas',4,219.99),(16,'Bálsamo Calminol','Anti-reumático',3,49.99);
/*!40000 ALTER TABLE `medicamentos` ENABLE KEYS */;
UNLOCK TABLES;

--
-- Table structure for table `veterinario`
--

DROP TABLE IF EXISTS `veterinario`;
/*!40101 SET @saved_cs_client     = @@character_set_client */;
/*!40101 SET character_set_client = utf8 */;
CREATE TABLE `veterinario` (
  `cod_veterinario` smallint(4) NOT NULL AUTO_INCREMENT,
  `nome` varchar(40) NOT NULL,
  `CPF` varchar(15) DEFAULT NULL,
  `telefone` varchar(15) DEFAULT NULL,
  `celular` varchar(15) DEFAULT NULL,
  `cod_especie` smallint(6) DEFAULT NULL,
  PRIMARY KEY (`cod_veterinario`),
  KEY `cod_especie` (`cod_especie`),
  CONSTRAINT `veterinario_ibfk_1` FOREIGN KEY (`cod_especie`) REFERENCES `especie` (`cod_especie`) ON UPDATE CASCADE
) ENGINE=InnoDB AUTO_INCREMENT=12 DEFAULT CHARSET=utf8mb4;
/*!40101 SET character_set_client = @saved_cs_client */;

--
-- Dumping data for table `veterinario`
--

LOCK TABLES `veterinario` WRITE;
/*!40000 ALTER TABLE `veterinario` DISABLE KEYS */;
INSERT INTO `veterinario` VALUES (1,'João Vida','111.111.111-11','(42) 3527-1965','(42) 98927-1965',1),(2,'João Vida','111.111.111-11','(42) 3527-1965','(42) 98927-1965',1),(3,'Márcia dos Céus Silva','222.222.222-22','(42) 3528-1966','(42) 98928-1966',2),(4,'Eva dos Anjos','333.333.333-33','(42) 3529-1967','(42) 98929-1967',3),(5,'Carla das Almas','444.444.444-44','(42) 3530-1968','(42) 98928-1968',4),(6,'Ângela Paraíso','666.555.444-33','(42) 98929-1969','(42) 99332-6070',5),(7,'Soraya J. Vida','111.111.111-11','(42) 3527-1965','(42) 98927-1965',1),(8,'Marília dos Céus So','222.222.222-22','(42) 3528-1966','(42) 98928-1966',2),(9,'Luciana Ferrari Dias','333.333.333-33','(42) 3529-1967','(42) 98929-1967',3),(10,'John Alves','444.444.444-44','(42) 3530-1968','(42) 98928-1968',4),(11,'Mariângela Paraíso','666.555.444-33','(42) 98929-1969','(42) 99332-6070',5);
/*!40000 ALTER TABLE `veterinario` ENABLE KEYS */;
UNLOCK TABLES;
/*!40103 SET TIME_ZONE=@OLD_TIME_ZONE */;

/*!40101 SET SQL_MODE=@OLD_SQL_MODE */;
/*!40014 SET FOREIGN_KEY_CHECKS=@OLD_FOREIGN_KEY_CHECKS */;
/*!40014 SET UNIQUE_CHECKS=@OLD_UNIQUE_CHECKS */;
/*!40101 SET CHARACTER_SET_CLIENT=@OLD_CHARACTER_SET_CLIENT */;
/*!40101 SET CHARACTER_SET_RESULTS=@OLD_CHARACTER_SET_RESULTS */;
/*!40101 SET COLLATION_CONNECTION=@OLD_COLLATION_CONNECTION */;
/*!40111 SET SQL_NOTES=@OLD_SQL_NOTES */;

-- Dump completed on 2018-08-05 21:52:01
