-- phpMyAdmin SQL Dump
-- version 5.1.1
-- https://www.phpmyadmin.net/
--
-- Host: localhost
-- Tempo de geração: 09/09/2022 às 08:59
-- Versão do servidor: 10.3.34-MariaDB-0ubuntu0.20.04.1
-- Versão do PHP: 7.4.3

SET SQL_MODE = "NO_AUTO_VALUE_ON_ZERO";
START TRANSACTION;
SET time_zone = "+00:00";


/*!40101 SET @OLD_CHARACTER_SET_CLIENT=@@CHARACTER_SET_CLIENT */;
/*!40101 SET @OLD_CHARACTER_SET_RESULTS=@@CHARACTER_SET_RESULTS */;
/*!40101 SET @OLD_COLLATION_CONNECTION=@@COLLATION_CONNECTION */;
/*!40101 SET NAMES utf8mb4 */;

--
-- Banco de dados: `professor_locadora`
--

-- --------------------------------------------------------

--
-- Estrutura para tabela `Clientes`
--

CREATE TABLE `Clientes` (
  `Cod_Cliente` mediumint(8) NOT NULL,
  `Nome` varchar(100) NOT NULL,
  `Telefone` varchar(20) DEFAULT NULL,
  `CPF` varchar(11) DEFAULT NULL
) ENGINE=InnoDB DEFAULT CHARSET=utf8mb4;

--
-- Despejando dados para a tabela `Clientes`
--

INSERT INTO `Clientes` (`Cod_Cliente`, `Nome`, `Telefone`, `CPF`) VALUES
(1, 'Marina Lima', '42 3522-2222', '11111111111'),
(2, 'José Buch Filho', '42 3522-2222', '11111111112'),
(3, 'Maria Josefina', '42 3523-2323', '22222222222'),
(4, 'Cleonice Pires', '42 3523-1010', '22222222233'),
(5, 'Simone dos Santos', '42 3523-1313', '33222222222'),
(6, 'Jaqueline Camargo Sá', '42 3522-2323', '44444444444');

-- --------------------------------------------------------

--
-- Estrutura para tabela `Filmes`
--

CREATE TABLE `Filmes` (
  `Cod_Filme` mediumint(8) NOT NULL,
  `Nome` varchar(100) NOT NULL,
  `Cod_Genero` mediumint(8) NOT NULL,
  `Classificacao` varchar(50) DEFAULT NULL,
  `Valor` decimal(8,2) DEFAULT NULL
) ENGINE=InnoDB DEFAULT CHARSET=utf8mb4;

--
-- Despejando dados para a tabela `Filmes`
--

INSERT INTO `Filmes` (`Cod_Filme`, `Nome`, `Cod_Genero`, `Classificacao`, `Valor`) VALUES
(1, 'Minha mãe é uma peça', 4, '14', '7.50'),
(2, 'A Chefa', 4, '14', '7.50'),
(3, 'Vai que cola', 4, '16', '7.50'),
(4, 'Todo mundo em pânico', 4, '16', '5.00'),
(5, 'O Chamado', 1, '16', '7.50'),
(6, 'A Bruxa de Blair', 1, '16', '5.00'),
(7, 'A Entidade', 1, '16', '7.50'),
(8, 'O Caçador e a Rainha do Gelo', 3, '14', '7.50'),
(9, 'Star Wars: O despertar da força', 3, '14', '7.50'),
(10, 'Procurando Dori', 5, 'Livre', '7.50'),
(11, 'Divertida Mente', 5, 'Livre', '7.50'),
(12, 'Minions', 5, 'Livre', '7.50');

-- --------------------------------------------------------

--
-- Estrutura para tabela `Generos`
--

CREATE TABLE `Generos` (
  `Cod_Genero` mediumint(8) NOT NULL,
  `Nome` varchar(100) NOT NULL
) ENGINE=InnoDB DEFAULT CHARSET=utf8mb4;

--
-- Despejando dados para a tabela `Generos`
--

INSERT INTO `Generos` (`Cod_Genero`, `Nome`) VALUES
(1, 'Terror'),
(2, 'Romance'),
(3, 'Aventura'),
(4, 'Comédia'),
(5, 'Infantil');

-- --------------------------------------------------------

--
-- Estrutura para tabela `Locacoes`
--

CREATE TABLE `Locacoes` (
  `Cod_Locacao` mediumint(8) NOT NULL,
  `Data` date NOT NULL,
  `Cod_Cliente` mediumint(8) NOT NULL,
  `Cod_Filme` mediumint(8) NOT NULL
) ENGINE=InnoDB DEFAULT CHARSET=utf8mb4;

--
-- Despejando dados para a tabela `Locacoes`
--

INSERT INTO `Locacoes` (`Cod_Locacao`, `Data`, `Cod_Cliente`, `Cod_Filme`) VALUES
(1, '2016-06-29', 1, 1),
(2, '2016-06-29', 1, 2),
(3, '2016-06-29', 4, 4),
(4, '2016-06-29', 1, 5),
(5, '2016-06-29', 6, 10),
(6, '2016-06-29', 6, 11),
(7, '2016-06-30', 2, 3),
(8, '2016-06-30', 3, 11),
(9, '2016-06-30', 5, 9),
(10, '2016-07-01', 1, 11),
(11, '2016-07-01', 1, 10),
(12, '2016-07-01', 1, 5),
(13, '2016-07-03', 4, 9),
(14, '2016-07-03', 4, 8),
(15, '2016-07-03', 4, 1);

--
-- Índices para tabelas despejadas
--

--
-- Índices de tabela `Clientes`
--
ALTER TABLE `Clientes`
  ADD PRIMARY KEY (`Cod_Cliente`);

--
-- Índices de tabela `Filmes`
--
ALTER TABLE `Filmes`
  ADD PRIMARY KEY (`Cod_Filme`),
  ADD KEY `Cod_Genero` (`Cod_Genero`);

--
-- Índices de tabela `Generos`
--
ALTER TABLE `Generos`
  ADD PRIMARY KEY (`Cod_Genero`);

--
-- Índices de tabela `Locacoes`
--
ALTER TABLE `Locacoes`
  ADD PRIMARY KEY (`Cod_Locacao`),
  ADD KEY `Cod_Cliente` (`Cod_Cliente`),
  ADD KEY `Cod_Filme` (`Cod_Filme`);

--
-- AUTO_INCREMENT para tabelas despejadas
--

--
-- AUTO_INCREMENT de tabela `Filmes`
--
ALTER TABLE `Filmes`
  MODIFY `Cod_Filme` mediumint(8) NOT NULL AUTO_INCREMENT, AUTO_INCREMENT=13;

--
-- AUTO_INCREMENT de tabela `Locacoes`
--
ALTER TABLE `Locacoes`
  MODIFY `Cod_Locacao` mediumint(8) NOT NULL AUTO_INCREMENT, AUTO_INCREMENT=16;

--
-- Restrições para tabelas despejadas
--

--
-- Restrições para tabelas `Filmes`
--
ALTER TABLE `Filmes`
  ADD CONSTRAINT `Filmes_ibfk_1` FOREIGN KEY (`Cod_Genero`) REFERENCES `Generos` (`Cod_Genero`);

--
-- Restrições para tabelas `Locacoes`
--
ALTER TABLE `Locacoes`
  ADD CONSTRAINT `Locacoes_ibfk_1` FOREIGN KEY (`Cod_Cliente`) REFERENCES `Clientes` (`Cod_Cliente`),
  ADD CONSTRAINT `Locacoes_ibfk_2` FOREIGN KEY (`Cod_Filme`) REFERENCES `Filmes` (`Cod_Filme`);
COMMIT;

/*!40101 SET CHARACTER_SET_CLIENT=@OLD_CHARACTER_SET_CLIENT */;
/*!40101 SET CHARACTER_SET_RESULTS=@OLD_CHARACTER_SET_RESULTS */;
/*!40101 SET COLLATION_CONNECTION=@OLD_COLLATION_CONNECTION */;
